nits digit of d?
6
Let o(i) be the second derivative of -83*i**3/2 - 11*i**2/2 - 47*i. What is the units digit of o(-1)?
8
What is the units digit of (-2)/(-1) - (-552 - 0 - -4)?
0
Suppose 4*t + 2*x = 5472, t - 3*t + 2744 = 5*x. What is the thousands digit of t?
1
Suppose 0 = 13*v + 1063 - 4729. What is the tens digit of v?
8
Let j be (6664/6)/(-2)*(-3)/2. What is the tens digit of (-25)/20 - -1 - j/(-4)?
0
Let g = 2 + 4. Let t = g + 8. What is the units digit of t?
4
Suppose 291 - 1101 = -2*p. What is the hundreds digit of p?
4
What is the thousands digit of (6 + -144)/(2/(-128)*6)?
1
Let h = 81 + -38. Let d = 89 - h. What is the tens digit of d?
4
Let x be 3/(-9) - (-60)/18. Let r be (2/4)/(x/12). Suppose -5*v - 21 = 2*a - 3*a, 2*a + r*v = 30. What is the tens digit of a?
1
Suppose 4*k = 3*k. Suppose j + 35 + 68 = k. What is the tens digit of (-2)/(-8) + j/(-4)?
2
Suppose -5*o - 3 - 42 = -3*f, 20 = -5*o - 2*f. Let t be (-29)/o + 7/42. Suppose 104 = t*n + 24. What is the tens digit of n?
1
Suppose 4*f = f + 12. Suppose 2*h = v - 10, f*v + h - 6 = -v. Suppose -2*m = n - 28, -5*n + 76 = -2*n - v*m. What is the units digit of n?
6
Suppose 0 = 31*m - 4953 - 3820. What is the hundreds digit of m?
2
Let h be 1/(-6) - 422/(-12). Let o = -23 + h. Suppose p + 10 = o. What is the units digit of p?
2
Suppose 13*b - 15*b + 2*c = -6846, b - 3405 = -5*c. What is the tens digit of b?
2
Suppose 83*q = 86*q - 5*g - 7117, -3*g - 4745 = -2*q. What is the thousands digit of q?
2
Let i = -187 - -973. What is the hundreds digit of i?
7
Let j(y) = -12*y**2 + y + 1. Let s be j(-1). Let m = 13 - s. What is the tens digit of m?
2
Suppose -2*k = -1 - 3. Let t(p) = 9*p - 6*p**3 + 5*p**3 + 3 - 5*p**2 + k*p**2 - 5*p. What is the units digit of t(-4)?
3
Let j(m) = m**3 - 25*m**2 - 28*m + 10. What is the hundreds digit of j(27)?
7
Let t be (-30)/(-165) + (-40)/(-22). Let r(c) be the second derivative of 5*c**4/12 + c**3/6 + c**2 - c. What is the tens digit of r(t)?
2
Let g be (32/6)/(-8)*(-3)/(-2). Let j(s) = 56*s**2. What is the tens digit of j(g)?
5
What is the units digit of 181*(-8)/(-22) - 70/(-385)?
6
Suppose 15*g - 7*g - 1752 = 0. What is the units digit of g?
9
Let z(d) = 2*d - 6. Let t be z(9). Let f = t - 21. What is the tens digit of (f + 11)*(20 + 0)?
4
Suppose -2*u = 2*a - 1792, 8*a - 11*a - 3591 = -4*u. What is the units digit of u?
7
Suppose 3867 + 13502 = 11*s. What is the units digit of s?
9
Let n = 27 + -10. Let a = n + -9. Suppose -a = 2*z - 4*z. What is the units digit of z?
4
Let r be ((-15)/(-4))/(2/80). Suppose -5*i + 2*x + 239 = 0, 4*i - 2*x - 42 = r. What is the tens digit of i?
4
Let h(c) = 19*c**2 + 2*c + 1. Let b = 6 + -4. Let t be (1 - b) + (1 - 1). What is the units digit of h(t)?
8
Let i(o) = -o**2 + 7*o - 7. Let g be i(3). Suppose 0 = -0*v - g*v + 175. What is the units digit of v?
5
Let x(z) = -z**3 - 4*z**2 - 8*z + 2. Let r(o) = -5*o**3 - 17*o**2 - 32*o + 7. Let u(n) = -2*r(n) + 9*x(n). What is the tens digit of u(6)?
0
Let l = -149 + 225. Suppose -3*t + l = -77. What is the tens digit of t?
5
Let d(x) = 254*x - 2. Let b be d(1). What is the hundreds digit of (-7)/(b/(-8)) + 1168/9?
1
Let j = -16 + 13. Let s be ((-16)/j)/(-4)*-30. Suppose d + 2*w - 44 = 0, d = -4*w + 3*w + s. What is the units digit of d?
6
What is the units digit of 1 + 5/(-3) + 7304/66?
0
Suppose 4*p - 15 - 1 = 0. Suppose 0 = -p*r + 8 - 0. Suppose 0 = b - r*b + 23. What is the units digit of b?
3
What is the thousands digit of 842268/210 + (-2)/(-10)?
4
Suppose -4*g + 27 = 3*y - 60, -5*g + 15 = 0. Suppose 0 = -0*s - s + 25. Suppose -2*v = q - y, -2*v = 3*v - 5*q - s. What is the tens digit of v?
1
What is the hundreds digit of 4323*((-22)/(-6) - 3)?
8
Suppose -3 = 3*k - 3*o - 15, 0 = -4*k - 2*o + 10. What is the units digit of ((-210)/(-9))/(2/k)?
5
Let j(o) = -4*o - 1. Let g be j(-1). What is the hundreds digit of (4 - (126 - -2))*(-3)/g?
1
Let u(m) = -337*m - 343. What is the units digit of u(-6)?
9
Let s(b) = -190*b**2 + 3*b. Let r(k) = -127*k**2 + 2*k. Let m(y) = 7*r(y) - 5*s(y). Suppose 63*t + 33 = 30*t. What is the tens digit of m(t)?
6
Suppose -2*l + 20 = 4*r, -r = -4*l + r. Let b(s) = 14*s**2 + 5*s**3 - 11 + l*s - 19*s**3 + 13*s**3. What is the tens digit of b(14)?
1
Let u(t) be the third derivative of -7*t**4/24 + t**3/3 - 3*t**2. What is the tens digit of u(-6)?
4
Let b = -2719 - -4098. What is the tens digit of b?
7
Let g(l) = -9*l + 375. What is the hundreds digit of g(-28)?
6
Suppose 31*s = 35*s + 12. Let g = s - -11. What is the units digit of g?
8
Let r(z) = z**2 + 15*z + 17. Let y be r(-14). Suppose y*s - 237 = -0*s. What is the tens digit of s?
7
What is the thousands digit of 6/(-21)*(-210)/15*505?
2
Let s = -39 + 57. Let z = s + -13. What is the units digit of z?
5
Let b(d) = -5*d**3 + 3 - 3*d**2 - 2*d**3 + 0*d**3. Let o be b(-3). Suppose o = 4*s + 33. What is the units digit of s?
3
Suppose 0 = 3*y - 15, -t + y - 6464 = -4*t. What is the units digit of t?
3
Let r(m) = -2*m + 14. Let w(u) = -2*u + 13. Let s(v) = -3*r(v) + 4*w(v). What is the units digit of s(-7)?
4
Suppose 0 = -0*y - 3*y + 3. What is the hundreds digit of (y/(-4) + 2)/((-2)/(-152))?
1
Suppose -4*w + 880 = -2*p, 4*w - 1506 = 4*p - 618. What is the tens digit of w?
1
Suppose 4*m + 2390 - 14003 = -3*x, -4*m - 5*x + 11619 = 0. What is the thousands digit of m?
2
Suppose -1417*f + 1404*f = -47437. What is the hundreds digit of f?
6
Let k be 1 + -7 + 1 + -1*2. Let m(z) = -z**2 + z + 28. Let g be m(0). What is the units digit of g*(k/(-2) - 3)?
4
Let p(d) = 6*d - 16. Let j be p(7). Suppose 3*b - 5 = 5*y + j, b - 16 = -4*y. What is the tens digit of (-1)/3 - (-184)/b?
1
Let q(l) = 7*l**2 - 4*l - 12. Let m be q(4). Let g = m + 11. What is the units digit of g?
5
Let c = -3 + 5. Let b(a) = a + c - 14 + 8*a. What is the units digit of b(6)?
2
What is the units digit of 456/(-9)*1*-3?
2
Suppose -15496 = 14*j - 47612. What is the units digit of j?
4
Let l(c) be the third derivative of 8*c**5/15 + c**4/8 + c**3/3 + 15*c**2. What is the units digit of l(-2)?
4
Let m = 292 + -99. What is the tens digit of m?
9
Let y(h) = -h + 11. Let u be y(-6). Let g(i) = -i**3 + 18*i**2 - 11*i + 24. What is the units digit of g(u)?
6
Suppose -4*z - 66 + 22 = 0. What is the units digit of z*68/(-12) - (-4)/6?
3
Let b be 1*((-6)/3 + 4 - -92). Suppose -b = -3*m + 8. What is the units digit of m?
4
Let i(q) = -6*q - 15. Let y(c) = c - 1. Let a(s) = -i(s) - 5*y(s). Let k be a(-11). Suppose -3*g - k = 0, z + 2*g = -2*g + 32. What is the units digit of z?
4
Suppose 0 = -4*w + 5*k + 2, -4*k - 5 = -3*w - 4. Let v(r) be the third derivative of 19*r**4/24 + 5*r**3/6 + 58*r**2 - 2. What is the tens digit of v(w)?
6
Suppose -l - 2*b + 1 = 0, -3*b = -2*l - b + 8. Suppose c + 14 = l*y, -5*y + 4*y + 6 = -c. What is the units digit of 12 + c + (-1 - -1)?
0
Let i(m) = 3*m - 5. Let d be i(-7). Let o = 8 - d. Suppose 4 = -t + o. What is the units digit of t?
0
Let k(b) = 2*b**2 + 32*b + 22. Let d be k(-15). Let v(r) = -9*r + 7. What is the units digit of v(d)?
9
Suppose -b + 10 = -0*b. Suppose -5 = 3*g + 4*a, 0 = -2*g - 2*a + 6*a + b. Suppose -2*y - 2*k - g + 13 = 0, -4*y + 54 = -2*k. What is the units digit of y?
1
What is the tens digit of 1*(-5 + (169 - -4))?
6
Suppose -49*v - 12491 = -224514. What is the tens digit of v?
2
Let r be (1/2)/((-2)/(-12)). Suppose -2*y = 0, r*c = 2*y - 0*y + 153. What is the units digit of c?
1
Suppose -3*v = 6, 2*v + 347 + 347 = b. What is the units digit of b?
0
Let s(n) = -n**3 + 4*n**2 + 4*n + 7. Suppose -7 = -2*d + 3. Let u be s(d). Suppose u + 70 = 2*f. What is the tens digit of f?
3
Suppose 4*c - 4*q = 52, 0 = -2*q + 7 + 1. Let i = c - -217. What is the units digit of i?
4
Let v be 30/12*(-6)/(-5). Let o(l) = l**3 + 3*l**3 + 2 - 9*l**2 + l + 2*l - 3*l**v. What is the units digit of o(9)?
9
Suppose 0 = -53*i + 51*i + 2026. What is the tens digit of i?
1
Let j be (2/6)/((-1)/(-6)). Suppose j*g - 3*n = 296, -g + 4*n + 81 + 77 = 0. What is the tens digit of g?
4
Let f be 2/(-2 - 5/(-2)). What is the tens digit of (f/(-2))/((-1)/61)?
2
What is the tens digit of (6*68/(-8))/((-9)/387)?
9
Let n be 6/4 + 1/2. Suppose -8*x + 193 + 111 = 0. Suppose 3*i = n*i - 3*q + x, -5*i + 4*q + 95 = 0. What is the 